s the highest common divisor of 26 and o?
26
Let i(z) = 15*z**2 - z**3 - 14*z**2 + 51*z**3. Let g be i(-1). Let n = g + 82. Calculate the greatest common factor of 22 and n.
11
Let i be 571/4 + 1/4. Suppose -7*p - 8 + 1 = 0. Let x(f) = -16*f - 3. Let j be x(p). What is the greatest common factor of i and j?
13
Let p be ((-16)/20)/((-1)/10). Let t = p + -10. Let c = 2 - t. What is the greatest common factor of c and 6?
2
Let y = -1 + 12. Let o(n) be the second derivative of -n**4/12 + 5*n**3/6 + 11*n**2/2 - 7*n. Let l be o(5). Calculate the greatest common factor of y and l.
11
Let b be 6/(0 - (-4)/(20/15)). Suppose -b = 6*z - 50. What is the greatest common factor of z and 10?
2
Let b(m) = 130*m**2 + 2*m. Let d be b(1). Let f = d - 60. Calculate the highest common factor of 48 and f.
24
Let l be 4/(-10)*5*-89 - -4. Suppose -4*w = -2*w - 52. What is the highest common factor of w and l?
26
Let u = 56 - 54. Suppose -2*a + 38 = -5*n, 2*a + 5*n = -u*a + 46. Calculate the greatest common divisor of a and 70.
14
Let k(s) = -29*s - 30. Let d be k(-6). What is the highest common divisor of 48 and d?
48
Suppose -1174 = -4*q - 5*x, -q - 4*q = -x - 1482. Let t = -5259 - -5296. What is the greatest common divisor of t and q?
37
Let i(y) = -y**2 + 47*y + 263. Let w be i(-5). What is the greatest common factor of 5 and w?
1
Let n be (-914)/(-8) - (-3)/(-12). Let m(o) = -156*o - 7. Let b be m(1). Let u = -87 - b. Calculate the greatest common factor of n and u.
38
Let g = 11 - 3. Let w be (68/16 + -3)*g. What is the greatest common factor of 10 and w?
10
Let j(w) = w**3 - 3*w**2 + w. Let g be j(2). Let q be -27*(-6)/9 + g. Let c = -1106 - -1114. What is the highest common factor of c and q?
8
Let j(s) = -s**2 - 2*s + 3. Let a be j(-2). Suppose -4*l + 4*u + 80 = 0, -2*u + u - 52 = -a*l. What is the greatest common divisor of l and 40?
8
Suppose 22 = 9*y - 95. Suppose -2 = u - y. Calculate the highest common divisor of u and 99.
11
Suppose 1 = 2*g - 3*g. Let v = g + 11. Let l = -42 - -67. What is the greatest common factor of l and v?
5
Suppose 4*t + 2*g + 2 = -2, -t - 10 = -4*g. Let r be (t - -3)/((-2)/(-6)). Let c(h) = 29*h + 1. Let k be c(r). Calculate the highest common divisor of k and 11.
11
Suppose 3*m + m - 196 = 0. Let q(i) = -i**2 - 11*i + 7. Let d be q(-11). What is the greatest common factor of d and m?
7
Let i(u) be the second derivative of -13/2*u**2 - 11*u + 0 - u**3. Let x be i(-6). What is the greatest common factor of x and 184?
23
Let t be -1 + 2 - (-13 + 0). Let u = 3503 - 3377. What is the greatest common factor of t and u?
14
Suppose -7*q = -3*q - 240. Suppose 3*v + 0*v = q. Let x be 8 + (-10)/10 + -2. What is the highest common divisor of v and x?
5
Let i be (8 + 0)/(10 + -8). Let t = i - 1. Suppose -16 + 43 = t*o. What is the highest common factor of o and 9?
9
Suppose -k - 5*f = 8, 5*k + 4*f = -0 + 2. Suppose 0 = 6*x - k*x - 20. Let d = 637 + -622. Calculate the highest common factor of d and x.
5
Suppose 5*g = 34 + 21. Let x(s) = -s**3 + 12*s**2 - 10*s - 9. Let f be x(g). Calculate the greatest common factor of 2 and f.
2
Let n(i) = -16*i**3 + i**2 + 2*i + 1. Let d be n(-1). Calculate the greatest common divisor of 168 and d.
8
Suppose 9*o - 4*o = -3*c, -c = 0. Suppose 5*w - 5*g - 230 = o, 5*w + g - 266 = -42. What is the greatest common divisor of w and 15?
15
Let k(i) = 33*i**3. Let c be k(1). Let w be 4/(-10) - 126/(-15) - 5. Let x = c - w. Calculate the highest common divisor of 15 and x.
15
Suppose b - 39 = -5*p, 3*p - 8 = 7. Suppose 36*h - 34*h = 630. Suppose -9*q + 0*q + h = 0. What is the highest common factor of q and b?
7
Let o = 40 - 7. Let q = -16 - -38. What is the greatest common factor of o and q?
11
Let j(y) = -y**3 + 9*y**2 - 9*y + 5. Let w be (0 - 0) + (18 - 10). Let t be j(w). Let o be t/12 + (-292)/(-16). What is the greatest common divisor of o and 18?
18
Suppose -2*f - 8 + 8 = 0. Suppose -4*z + 5*n + 56 + 81 = f, 4*z = -4*n + 128. Calculate the greatest common factor of z and 66.
33
Suppose 3*v - 5*v + 66 = 0. Let u = 51 - v. Suppose 0 - 12 = -4*c. What is the greatest common factor of u and c?
3
Suppose 3*x - 3 = 0, 20 = 2*c + x - 5. Let n be (8 - 0)/(c - 10). What is the highest common factor of n and 16?
4
Let z(c) = 11*c**2 + 3*c - 9. Let m be z(-3). What is the highest common factor of 3 and m?
3
Let y(g) = g + 22. Let v(m) be the first derivative of m**2/2 - m + 6. Let f be v(1). Let z be y(f). Calculate the greatest common divisor of z and 55.
11
Suppose -150 = u - 473. What is the highest common factor of 34 and u?
17
Let f = 124 - 124. Suppose -3*z = -3*u + 4*u + 10, -3*u + 30 = -3*z. Suppose -l = 2, 5*y - u*l + 93 - 323 = f. Calculate the greatest common factor of 4 and y.
4
Let u = -6 - -34. Let d = -12 + u. Let x be d/4 + -1 + 61. Calculate the highest common factor of 16 and x.
16
Let x(v) = v**2 - 9*v + 4. Let n be x(9). Suppose n = i - 11. Let t be 8/(-20) - (-186)/i. What is the highest common divisor of 8 and t?
4
Let v(h) = 2*h - 2. Let y be v(2). Suppose -y*c + 22 = a, 3*a + c + 3*c - 62 = 0. What is the highest common factor of a and 27?
9
Let a = -18 - -25. Suppose 54 = 8*m + 38. Calculate the highest common divisor of m and a.
1
Let y be -1 + 6 - (6 + -4 + -37). What is the highest common factor of y and 220?
20
Suppose 4*r - 12 = -0*r. Suppose -5*m = r*q - 19 - 1, -q - 3*m = -8. Calculate the greatest common divisor of 5 and q.
5
Let n(s) = s**3 + 13*s**2 + 66*s + 418. Let a be n(-8). What is the greatest common factor of a and 294?
42
Suppose 4*c + 10 = 5*u - 30, 2*c = 3*u - 26. Calculate the highest common factor of u and 66.
6
Suppose -1 + 13 = 4*f. Suppose -68 = j - f*j. Let y be (3/(-5)*17)/((-1)/5). Calculate the greatest common factor of j and y.
17
Let v be (((-16)/10)/(34/1275))/(-2). Let k be (-2 + -1)*(-15)/1. Calculate the greatest common factor of k and v.
15
Suppose 166*m - 2392 = 158*m. Calculate the greatest common divisor of 13 and m.
13
Suppose 0 = 21*j - 3769 + 304. What is the greatest common divisor of j and 75?
15
Let g be ((-11796)/18 + 12)*18/(-15). Calculate the greatest common divisor of g and 4.
4
Suppose 3*r - 45 = -2*r. Suppose 4*w + 23 + r = 0. Let x = 62 + w. Calculate the highest common divisor of 27 and x.
27
Let v(h) = h**3 + 7*h**2 + 9*h - 14. Let z be v(-6). Let l = 43 + z. What is the highest common divisor of l and 11?
11
Let w(u) = -5*u - 6 - 8*u + 10*u. Let j be w(-3). Calculate the greatest common factor of 24 and j.
3
Let k be (-67 - -3) + (1 - 4). Let w = k - -76. What is the greatest common divisor of w and 63?
9
Suppose -8 = -20*r + 16*r. What is the greatest common factor of r and 46?
2
Let o be ((-2)/10*-6)/((-6)/(-200)). Calculate the highest common factor of 16 and o.
8
Let d = -104 + 109. Suppose 5 = d*z + 5*l, -2*z + 3 = -3*l - 9. Calculate the greatest common factor of z and 1.
1
Let g(j) = j**3 - 9*j**2 + 7*j + 12. Let a be g(8). Suppose -39 = -v - 3*q, 0 = a*v - q + 2*q - 167. What is the highest common divisor of v and 14?
14
Suppose -2*w + 102 = 3*s - 0*w, -3*w = -3*s + 102. Suppose -s*q = -33*q - 12. Let f = q - -15. Calculate the greatest common factor of 189 and f.
27
Let h be 36*((-4)/20 + 42/60). Suppose 2*k = -0*k + 12. What is the highest common factor of h and k?
6
Suppose 0*s - 24*s = -1416. Calculate the highest common factor of s and 59.
59
Suppose 2*n + 116 = 3*a, -a + 86 = a + 3*n. Calculate the highest common divisor of a and 120.
40
Let z be (1 + 3)*3/2. Suppose 26 = z*c - 34. What is the highest common divisor of c and 60?
10
Suppose -332 = -w - 311. What is the highest common divisor of w and 1134?
21
Let p(f) be the second derivative of f**5/10 - 5*f**4/6 + f**3/3 + f**2/2 - 8*f. Let w be p(5). Calculate the highest common divisor of w and 44.
11
Let g = 196 - -134. Suppose 2*x + 2*p = -2*x + 318, 4*x = 2*p + g. What is the highest common divisor of x and 9?
9
Let s = -33 + 36. Suppose s*i = -4*q + 43, -5*q - i + 51 = -0*i. Let w(k) = k**3 - k**2 + 80. Let d be w(0). What is the highest common factor of d and q?
10
Let t = -2508 - -3108. What is the greatest common divisor of t and 960?
120
Suppose -3*u - 191 = -4*v + 2*u, -3*v = 2*u - 172. Suppose o = 3*a + 33, -3*o = -o - 3*a - 51. What is the highest common di